igit of u?
1
Let g = -15 - 0. Let j(s) = s**2 + 14*s. What is the units digit of j(g)?
5
Let v = -4 - -12. What is the units digit of v?
8
Let g(p) = -2*p**2 - 31*p - 8. What is the hundreds digit of g(-6)?
1
Let r(m) = -11*m**3 - m**2 + m + 1. Suppose -j = 2*j + 6. Let f be j/3 + (-2)/6. What is the tens digit of r(f)?
1
Suppose -m = -4*c + 17, 4*m + m = -3*c - 16. Suppose -3 = -2*g - c*z, -2*z = 1 - 3. Suppose g = l - 0*l - 2. What is the units digit of l?
2
Let z be 6/(-10)*(6 + -1). Let l = z + 11. What is the units digit of l?
8
Let i = -4 + 13. What is the tens digit of (-35)/(-3) - (-3)/i?
1
Let h = 94 + 17. What is the units digit of h?
1
Suppose k + 1413 = -2*r + 6*r, 1068 = 3*r + 2*k. What is the units digit of r?
4
Let v(y) = -y**2 + 8*y - 4. Let n be v(6). What is the units digit of (-1)/((n/22)/(-4))?
1
What is the tens digit of (1 + 35)/(3 - 2)?
3
Let n(w) = 3*w - 4. Let g(v) = 4*v - 3. Let s(y) = 2*g(y) - 3*n(y). What is the units digit of s(5)?
1
What is the hundreds digit of 356*(8/20)/((-4)/(-5))?
1
Let r(i) = 2*i**3 - 2*i**2 + 3*i + 4. What is the tens digit of r(3)?
4
Let g = 28 + -8. What is the units digit of g?
0
Suppose -5*p + 26 = 6. Let b be 2/(-3) - 16/(-6). Suppose -p = -2*a - b*a. What is the units digit of a?
1
Suppose -15 = -4*g + g. Suppose 2*l = -3*l + 3*y + 9, -g*l = 2*y - 19. What is the units digit of l?
3
Suppose -3*t = 2*t - 20. Let r(b) = -b**3 - 2*b**2 + 3 + b + 6*b**2 + b. What is the units digit of r(t)?
1
Let f = 197 - 79. What is the hundreds digit of f?
1
Suppose -v + 4 = 2*a, -v - v + 12 = 5*a. Let l = a - -3. What is the units digit of l?
7
Let n = 91 + -56. What is the tens digit of n?
3
Suppose -2*b + 3*b - f + 3 = 0, -4*b = -3*f + 17. Let g(v) be the first derivative of v**3/3 + 7*v**2/2 - v - 1. What is the units digit of g(b)?
7
Let s(z) = z**2 - 7*z + 5. Let j be s(7). Let b be 1*(j + 0 + -2). Suppose -b = -0*r + r - x, 17 = r + 3*x. What is the units digit of r?
2
Suppose -5*n + 20 = -40. What is the tens digit of n?
1
Let r(u) = u**2 + 1. Let x be r(-2). Suppose 20 = -x*y + 90. What is the units digit of y?
4
Suppose 4*d = 748 - 188. What is the hundreds digit of d?
1
Suppose -4*i = -7*i - 24. Let h = -4 - i. What is the units digit of h?
4
Suppose 2*h - 4*j - 6 = 0, -3*h + 5*j - 3 = -12. Let u = 0 + h. What is the units digit of u?
3
What is the units digit of -4*((-65)/2 + 0)?
0
Suppose 90 = 3*g + p + 2*p, 70 = 2*g + 4*p. Let j be (-1 + g/2)*2. Suppose j = -4*o + 55. What is the units digit of o?
8
What is the hundreds digit of (292/3)/(26/39)?
1
Let l = 158 + -68. What is the tens digit of l?
9
Suppose -f + 6*f = 2*z + 257, -4*f = -z - 208. What is the units digit of f?
3
Let x(p) = -p**2 + 6*p - 1. Let k = 0 - 1. Let y be (-6)/(-2)*(2 + k). What is the units digit of x(y)?
8
Let a be 2/(-4) + (-3)/(-2). What is the units digit of a*(2 + 6) - 1?
7
Let o = 15 + -12. Suppose 0 = -2*s + o + 19. What is the tens digit of s?
1
What is the tens digit of (-135)/(-10)*8/6?
1
Let s(c) = 4*c**2 - 2*c - 2. Let q(m) = -m**2 - 1. Let r(y) = 3*q(y) + s(y). What is the tens digit of r(5)?
1
Let x be 4/(29/(-14) + 2). Let w = 78 + x. What is the tens digit of (w/(-8))/((-1)/4)?
1
Let x(c) = -c**2 - 8*c + 2. Let v(u) = -u - 2. Let q be v(-4). Let r be ((-5)/3 + q)*-21. What is the units digit of x(r)?
9
Suppose -5*l + 0*l = -25. Suppose -5*h + 5 = 3*j + 15, -20 = 5*h + l*j. What is the units digit of h?
1
Let t(w) = w**2 + 7*w - 1. Let v be t(-7). Let m be 10/((0 - -3) + v). Let r(k) = -k**2 + 7*k - 6. What is the units digit of r(m)?
4
Suppose 3*z + 40 = -z. Let k = z + 8. Let n = k + 16. What is the units digit of n?
4
Suppose -3 = -4*u + 17. Suppose -o + u = -0. Suppose 0 + o = t. What is the units digit of t?
5
Suppose 6*o - 48 = 3*o. Let q be (-4)/6*81/(-6). Let d = o - q. What is the units digit of d?
7
Let q(f) = -f**3 - 8*f**2 + 8*f - 3. Suppose 3*d + 0*d + 27 = 0. What is the units digit of q(d)?
6
Let l(v) = 124*v**2 - 6*v + 2. What is the hundreds digit of l(1)?
1
Let n(k) = -15*k - 25. What is the hundreds digit of n(-10)?
1
Suppose -2*m - 2 = -8. Suppose 5*z - m*t - 1 = 0, 5*z - 20 = -3*t - 1. Suppose -2*r - 4*c + 24 = 2*r, -2*c + 4 = -z*r. What is the units digit of r?
2
Let b(s) = 3*s - 3. Let u be b(2). What is the units digit of (-1 - -10)/(u/2)?
6
Let a(x) = 12*x**2 - 5*x - 5. What is the units digit of a(-2)?
3
What is the tens digit of ((-200)/6)/(2/(-3))?
5
Let d be 620/22 - 6/33. Suppose -u + 1 = -c + 10, 4*u - 2*c + d = 0. Let p = 16 + u. What is the tens digit of p?
1
Let s = -3 + 3. Suppose -c - 4*c - p - 13 = 0, s = 5*c - p + 17. What is the tens digit of (c - -1)/((-2)/12)?
1
Suppose -3*t - 4*b = -103, 4*t - b - 91 = 21. What is the units digit of t?
9
Suppose 0*b + b - 10 = 0. Suppose 20 = 5*t - t. Suppose -4*h + t*x + b = 0, 5 + 1 = 3*x. What is the units digit of h?
5
Suppose -6*k - 34 = -4*k. Let f be k/(-3 - -3 - -1). Let x = -9 - f. What is the units digit of x?
8
Suppose 100 = 4*x + 2*c, -2*x - c + 100 = 2*x. What is the tens digit of x?
2
Let l = 80 + -14. What is the tens digit of l?
6
Let l(p) = -p**3 - p + 6. Let z be l(0). Let k = z - 7. What is the units digit of 18/(-3)*-2 - k?
3
Suppose -5*r = -10 - 10. Let l be r/10 - (-27)/(-5). Let j = 21 + l. What is the tens digit of j?
1
Suppose s + 53 = 2*b, 2*s - 79 = -3*b + 3*s. What is the tens digit of b?
2
Suppose 65 = a - 25. Suppose z = 4*z - a. Suppose 20 = 5*c + 3*r + 1, -4*c + 5*r + z = 0. What is the units digit of c?
5
Suppose 0 = -5*u + u - 8, -u = -2*j + 8. Suppose 0 = -5*d - 32 - j. What is the units digit of (-10)/(-35) + (-103)/d?
5
Suppose 3*q - 34 = 56. What is the tens digit of q?
3
Let g = -6 + 8. Suppose -3*v = y - 103, g*y - 47 = -2*v + 27. Suppose 5*u - 7 = v. What is the units digit of u?
8
Let u(q) = q**2 + 3*q + 2. Let f be u(-3). Suppose -12 = -4*d + f*d. Suppose -3*z = -d*z + 27. What is the units digit of z?
9
Let m(a) = 6*a + a**2 + 0*a**2 + 4 + 0. What is the units digit of m(-6)?
4
Suppose 48 = 2*n - 0*n. Let r = n - 12. Suppose 0 = -3*g - 3*j + r, -j - 18 = -3*g - 2*j. What is the units digit of g?
7
Suppose 107 = 5*f - 43. What is the tens digit of f?
3
Let q be (0 - 3)*120/9. Let a = q + 67. What is the tens digit of a?
2
Let r = -36 - -77. What is the tens digit of r?
4
Suppose -8 = 2*o, -3*o = 3*g - 6 - 66. Let m = -16 + g. What is the tens digit of m?
1
Suppose 10 = -5*m + 25. Suppose 3*c + 3*w + 0*w = 30, 5*c = 2*w + 85. Suppose -c = 5*u + 5*b, -m*b = 1 + 11. What is the units digit of u?
1
Let h(j) = -2*j + 4. Let y be h(3). What is the units digit of y/(((-15)/6)/5)?
4
Suppose -2*g = -g + 2, 0 = -2*o + 3*g - 22. Let r = -10 - o. Suppose w - r = 13. What is the tens digit of w?
1
What is the units digit of (1 - 2)*62/(-2)?
1
What is the units digit of (-370)/50*(0 - 5)?
7
Let j be ((-1)/(-3))/1*15. Suppose -68 - 8 = -j*z + 3*t, 0 = z + t - 20. What is the units digit of z?
7
Let w = 56 - 35. Suppose 69 = 4*x + w. What is the tens digit of x?
1
What is the units digit of (216/4 - -3)/((-9)/(-12))?
6
Let v(c) = -3*c + 6. What is the tens digit of v(-17)?
5
Suppose -442 = -4*i - g - g, -3 = -g. What is the hundreds digit of i?
1
What is the units digit of (344/6)/(22/33)?
6
Let l(x) = 40*x**2 + 2*x - 5. What is the tens digit of l(2)?
5
Suppose -3*h + 3*y + 15 = 0, 5*h + 5*y - 4 - 1 = 0. Suppose h*v + q = -4*q + 12, 0 = -5*q - 15. What is the units digit of v?
9
Suppose -1175 = -8*g + 633. What is the hundreds digit of g?
2
Let q(x) = -x + 1. Let t be q(-6). Let m = 7 + t. What is the units digit of m?
4
Let q = -43 - -138. Suppose -4*v = v - q. What is the tens digit of v?
1
Suppose -2*d = 3*r - 80 + 22, 0 = 4*d - 3*r - 98. What is the units digit of d?
6
Let k be 4*1*(-21)/12. Let t be (k/3)/(3/9). Let y = t + 15. What is the units digit of y?
8
What is the units digit of 4/20 + (-342)/(-15)?
3
Suppose 3*o = 2*o + 11. Let n(i) = 11 - 2*i**2 - i**3 - 10*i + 3*i**2 + o*i. What is the units digit of n(0)?
1
Suppose 1 = -h + 4. What is the units digit of (-1 - h) + 3 + 15?
4
Let h be 1/(-2 - 3/(-2)). Let g = h - -21. Suppose -5*q = -11 - g. What is the units digit of q?
6
Suppose 2*l + 0*l - d - 282 = 0, l + d = 135. What is the tens digit of l?
3
Let z be (9/6)/(3/(-24)). Let w be